1
Let m(i) = -9*i**2 + 4*i - 13. Let s(l) = 12*l**2 - 6*l + 15. Let h(j) = -3*m(j) - 2*s(j). What is h(5)?
84
Suppose 0 = 5*c - 2*t - 27, t + 4 = 4*c - 17. Let o(g) = 2*g - 6*g**3 + c*g**3 - 15*g - 3*g**2 + 8*g - 7. What is o(-3)?
8
Let h(g) = 16*g + 10*g - g**2 + 0 + 20*g - 40*g + 2. Suppose l = -0*l + 7. Give h(l).
-5
Let h(b) be the second derivative of 1/6*b**3 + 12*b + 0 + 0*b**2. Let z(i) = -4*i + 63. Let d be z(14). Calculate h(d).
7
Suppose 15 = -5*q, -4*q - 8 - 1 = 3*j. Suppose -2*y + j + 3 = 0. Suppose 3*k - 5*w + y + 14 = 0, -17 = 3*k - 4*w. Let c(g) = -2*g - 3. Give c(k).
11
Suppose 5*h - 5 - 10 = 0. Let c(p) be the first derivative of -p + 1/2*p**2 - 1/4*p**4 + 2/3*p**3 + 15. What is c(h)?
-7
Let g(k) = k**3 + 5*k**2 + k - 6. Let c = -306 + 330. Suppose 383*b = 375*b - c. Determine g(b).
9
Suppose -4*f + 3*z = -44, -4*f - 7*z + 52 = -11*z. Let v(n) = -7*n + n - 3 - 6 + n**3 - 3*n**2 + 3. Determine v(f).
14
Let z(u) = 68*u**2 + u - 3. Let r(o) = 113*o**2 + 3*o - 7. Let c(t) = 3*r(t) - 5*z(t). Determine c(10).
-66
Suppose -7*m + 143 = -18. Suppose -m*f + 26*f - 9 = 0. Suppose 40 = -f*o + 11*o. Let k(i) = i**2 - 7*i - 2. Give k(o).
-12
Suppose -2*y = -3*r, -5*r = -3*r - 4. Let k(d) = -y*d + 42 + 5*d - 18 - d - 20. What is k(-1)?
3
Let t(q) = -18*q**3 - 5*q**2 + 6*q - 5. Let k(u) = -16*u**3 - 5*u**2 + 5*u - 4. Let l(m) = 7*k(m) - 6*t(m). Calculate l(-3).
68
Suppose -4*v + 11 - 39 = -4*o, -5*o = 4*v - 17. Suppose 2*i - 19 + 7 = -k, 0 = -i + o*k - 5. Let a(g) = -i*g - 1 - g + 9*g - 2*g. What is a(2)?
1
Let h(a) = a**3 + a**3 - 5*a**2 + 6*a - 2 - 3*a**3. Let s(o) = 8*o**2 - 7*o + 8. Let f be s(5). Suppose 0 = 2*r + d + 11, 5*r - f*d = -175*d - 28. What is h(r)?
-2
Let p be -9*1 + (7 - 3). Let b(l) = -23*l**2 + 29*l**2 - 1 + 5*l - 5*l**2 - 4. Determine b(p).
-5
Let b(p) = -141*p - 28. Let y(l) = 65*l + 14. Let r(t) = 6*b(t) + 13*y(t). Give r(-7).
21
Let l(i) = 55107*i**3 - 8*i**2 - 27553*i**3 + 20*i - 23 - 27553*i**3. What is l(2)?
-7
Let j(v) be the second derivative of v**4/24 - v**3/6 + 35*v**2/2 + 3*v - 6. Let w(g) be the first derivative of j(g). Determine w(-2).
-3
Let j = -246 - -484. Suppose 16*h + 18*h - j = 0. Let k(a) = a - 1. Let x(d) = -d**2 + 15*d - 9. Let q(y) = -6*k(y) + x(y). What is q(h)?
11
Suppose -r + z = r, 5*z - 13 = -3*r. Let a(u) = -u - 1. Let k be a(-4). Let c(l) = -3*l**2 + 4*l**2 - 7*l**k - l - 8*l**3. Calculate c(r).
-15
Let k = 52 - 51. Suppose x + k = 3. Let j be 6*(-2)/(-3) + x/(-2). Let a(i) = -3*i - 2. Determine a(j).
-11
Let o be 7*(-17)/476*(-8)/6. Let d(n) be the second derivative of 3*n + n**2 - 1/4*n**4 - 1/20*n**5 - o*n**3 + 0. Determine d(-3).
8
Let a be 3/9 - 70/(-15). Suppose k + 4*k = -a. Let r(y) = -10*y**3 - 2*y**2 + 2*y + 1. Let w(h) = -h**2 + h. Let c(q) = r(q) - w(q). Give c(k).
9
Let b(t) be the first derivative of t**2 + 74*t + 18. Determine b(-35).
4
Let u(b) = -b**2 - 9*b. Suppose -87*q = -92*q - 40. Let r be u(q). Let z(v) = v**3 - 7*v**2 - 5*v - 10. Calculate z(r).
14
Let h = -893/3 - -597/2. Let r(x) be the third derivative of 12*x**2 + h*x**3 + 0 + 0*x + 1/24*x**4. Calculate r(-4).
1
Let g(r) = -r**3 - 2*r**2 + 5*r + 1. Let f(m) = -7*m**3 + 7*m**2 + 72*m + 9. Let c(w) = f(w) - 6*g(w). What is c(21)?
3
Let s(l) = 31*l**2 + 186 - 2*l - 2*l**3 - 174 - 23*l**2. Give s(4).
4
Let s(p) = 1 - 2 + 1 - 12 - 8*p. Give s(-6).
36
Let d(l) be the third derivative of 2*l**2 + 0 - 4/3*l**3 - 1/12*l**4 + 0*l. Suppose 0 = -83*m + 185*m + 110*m + 1484. Give d(m).
6
Let p(t) = -3*t - 79. Suppose 8 - 253 = 7*j. Give p(j).
26
Let v(r) be the second derivative of -r**5/20 - r**4 + r**3/6 + 4*r**2 - r. Let b = -21528 + 21516. Determine v(b).
-4
Let d(l) = -l**3 + 32*l**2 + 2. Let c = 1145 + -1113. What is d(c)?
2
Let n(i) = 5*i. Let c(t) = -2*t + 6. Let l be c(3). Suppose l = 6*z + 112 - 106. Give n(z).
-5
Let u(p) = p**2 + 4*p + 6. Suppose -3*w - 31 = 3*v - 28, 3*w = -12. Let a(s) = s**2 - 16*s + 35. Let g be a(v). Calculate u(g).
6
Let i be 1*((-12)/4*1 - -5). Suppose -3*n = -n - 4. Let h(o) = -o - n*o - 1 - 6 + 10. Calculate h(i).
-3
Let x be 12/20 - (-33)/(-5). Let o(d) = 12312 - 24635 + d**2 + 12324 + 8*d. Calculate o(x).
-11
Let f(m) = m + 11. Suppose -16*k = -15*k + 21*k. Determine f(k).
11
Suppose 42*s + 234 = -18. Let h(i) = 20*i + 125. Give h(s).
5
Let o = -1579 + 1582. Suppose 2*a = -0*a. Let d(h) = 1 + h**2 + 4*h**o + a + h - 5*h**3 - h**3. What is d(-1)?
3
Let b(d) = -159*d**2 + 79*d**2 - 17963*d**3 + 17964*d**3 - 11 + 79*d**2 - 2*d. Let i be (-2)/5 - 4/(-10). What is b(i)?
-11
Let k(g) = g + 9. Let m(n) = 25 + 29 + 31 - 84. Let p(a) = k(a) - 5*m(a). Determine p(-7).
-3
Let v(l) = l**3 - 14*l**2 + 13*l + 4. Let p be 117/45*1*5. Let c be v(p). Let j(o) = -2330*o + 0 + 0 + 2329*o. Give j(c).
-4
Let z(v) be the third derivative of -4/3*v**3 + 128 + 0*v + 1/8*v**4 - 2*v**2. Give z(8).
16
Let s(b) = b + 8. Let d be (4 - 19/5)*(3 + -8). Give s(d).
7
Let m(q) = -6*q - 109. Let h(p) = -2*p**2 + 140*p - 18. Let j be h(0). Calculate m(j).
-1
Let f be ((-10)/(-3))/10 + (-46)/(-6). Suppose -3*z + f*r = 4*r - 34, -2*z = 2*r - 4. Let h(n) = -3*n + 15. What is h(z)?
-3
Let y(k) = 12*k - 11. Let p(w) = 11*w - 11. Let f(i) = 5*p(i) - 4*y(i). Let r be f(3). Let s(g) = 1 - r*g**3 - 9*g + 15*g**3 + 10*g. Give s(-1).
-5
Let h(m) = 11*m - 5. Let n(y) = 24*y - 11. Let j(k) = 13*h(k) - 6*n(k). Let l(d) = -d**2 + d + 3. Let s be (-45)/(-10) - 6*3/12. Let v be l(s). Give j(v).
4
Let v(x) = 5*x - 13 + 0*x - 17. Let i be v(7). Let a(g) be the second derivative of g**4/12 - g**3/2 - 5*g**2/2 + 4*g. Calculate a(i).
5
Let j = -16 - -10. Let l(x) = -5*x**2 + 4 - 5 + x**2 - x + 3*x**2. Let m(i) = -5*i**2 + i - 9. Let w(r) = j*l(r) + m(r). Determine w(-7).
-3
Let r(a) = -5*a**2 + 3*a. Let h be (-6)/15 + 14/10 + 0. Let t be r(h). Let s(w) be the third derivative of w**5/30 + w**4/12 - w**3/6 + 3*w**2. Give s(t).
3
Let v(h) = 16*h - 1. Let x be (-76)/(-3)*2/(8/(-6)). Let r = 42 + x. Let g be (-2)/r - (-1 + (-9)/(-6)). Determine v(g).
-17
Suppose -10 = -5*b + 55. Let o(w) = -3*w - 2 + b + 0 + 9*w**2 - 9*w - w**3. What is o(8)?
-21
Let k(i) = i**2 + 7*i - 2. Let t = -11 - -20. Let s(c) be the first derivative of 5*c**3/3 + 15*c**2 - 7*c + 840. Let v(n) = t*k(n) - 2*s(n). Determine v(5).
-14
Suppose 29*v = 21*v + 16. Let q(n) = 3*n - 9 - n + 4*n**v + 6*n - 3*n**2. Give q(-8).
-9
Let a(s) = s**3 - 5*s**2 - 2*s + 3. Let f(y) = 2*y**3 - 10*y**2 - 4*y + 5. Let x(l) = 7*a(l) - 3*f(l). Let p = -241 - -234. Let g be 3/6 - (p/2 - 1). Give x(g).
-4
Let z be (2 - 0)/(6/(-9)). Let c(b) be the second derivative of -b**5/10 - b**4/3 - b**3/2 - 2*b**2 - 36*b - 69. Give c(z).
23
Let r(d) = -5*d + 48. Let j = -2692 + 2701. Determine r(j).
3
Let p(x) = -x**3 - 6*x**2 + 5*x + 2. Let a be 3 - (7 + (-2 - 5)). Suppose -b + 5*v - 1 = 11, 0 = a*b - 4*v + 25. Calculate p(b).
16
Let p(w) = -w**3 - 4*w**2 - 15*w - 31. Let u = 522 + -527. Let s(b) = -b**3 - 5*b**2 - 14*b - 25. Let d(t) = u*p(t) + 6*s(t). What is d(-9)?
5
Let z(v) = 17 - v**2 + 0*v**2 - 1 - v + 3. Suppose -3*o = -1 - 14. Suppose 0 = -3*u - o*u + 4*u. Give z(u).
19
Let q = -47 - -22. Let d = 16 + q. Let y be 74/d - (-38)/171. Let k(f) = -f**2 - 8*f - 2. What is k(y)?
-2
Let u(v) = 24*v + 37. Let q(o) = o - 3. Let z(f) = -4*q(f) + u(f). Give z(-4).
-31
Let d(m) = -m**2 + 4*m + 1. Suppose -2*h = h - 4*l - 6, -3*h + 6 = 3*l. Suppose s + 4 = 0, -5*z - h*s = -71 - 66. Suppose 2*c - 37 + z = 0. Give d(c).
1
Let s = 426 - 405. Let p(f) = f**3 - 20*f**2 - 22*f + 19. Let x be p(s). Let c(o) = -3*o - 2. What is c(x)?
4
Let m(b) = b**2 - 14*b + 18. Suppose 8*v - 47 = 3*v + 4*r, -2*v - 5*r = -32. Determine m(v).
-15
Let s(u) = -u**3 + 3. Suppose 32*b + 54 = 54. What is s(b)?
3
Let n(a) be the third derivative of -a**4/6 + 15*a**3/2 + 79*a**2. Let j(x) = -2*x + 25. Let b(k) = -11*j(k) + 6*n(k). Give b(-5).
5
Let t(x) be the third derivative of x**6/120 - x**5/20 - 35*x**4/12 + 4*x**3/3 - 10303*x**2. What is t(10)?
8
Let s(a) = 418*a**2 - 45 + 411*a**2 - 828*a**2. Give s(-7).
4
Let i(d) = -22*d**2 - 43*d - 1. Let t(n) = -57*n**2 - 111*n - 3. Let o(p) = 13*i(p) - 5*t(p). Suppose 1 = q, -2*q = -2*m - 5*q - 3. Give o(m).
5
Let s be (76 + -72)/((-2)/(-7)). Let j be ((-76)/266)/(1/s). Let h(y) = -y**2 - 5*y